se
Is 34 a factor of 30538?
False
Is 26 a factor of 687?
False
Is 1115 a multiple of 63?
False
Does 116 divide 59943?
False
Is 13 a factor of 59565?
False
Does 146 divide 6048?
False
Is 46 a factor of 184?
True
Does 19 divide 321?
False
Is 590 a multiple of 95?
False
Is 2 a factor of 332?
True
Is 5838 a multiple of 57?
False
Does 18 divide 163?
False
Is 22 a factor of 16060?
True
Does 11 divide 53527?
False
Is 1533 a multiple of 121?
False
Does 2 divide 7279?
False
Is 5516 a multiple of 21?
False
Is 10221 a multiple of 3?
True
Is 7192 a multiple of 124?
True
Does 5 divide 50?
True
Does 7 divide 388?
False
Does 19 divide 836?
True
Is 7 a factor of 1435?
True
Does 2 divide 3414?
True
Is 20 a factor of 2040?
True
Is 286 a multiple of 7?
False
Does 31 divide 2060?
False
Is 40 a factor of 16480?
True
Is 514 a multiple of 10?
False
Is 21 a factor of 1050?
True
Is 13 a factor of 5733?
True
Is 14 a factor of 5712?
True
Does 130 divide 19873?
False
Is 327 a factor of 9092?
False
Does 38 divide 26962?
False
Is 903 a multiple of 43?
True
Is 4136 a multiple of 44?
True
Does 17 divide 1373?
False
Is 6259 a multiple of 11?
True
Does 6 divide 858?
True
Does 75 divide 1425?
True
Does 207 divide 53635?
False
Is 52429 a multiple of 109?
True
Is 498 a multiple of 18?
False
Is 58 a factor of 12296?
True
Does 8 divide 232?
True
Is 913 a multiple of 6?
False
Is 12300 a multiple of 106?
False
Is 8994 a multiple of 9?
False
Is 9396 a multiple of 58?
True
Is 1064 a multiple of 8?
True
Is 15 a factor of 27671?
False
Is 5748 a multiple of 12?
True
Is 40 a factor of 280?
True
Does 229 divide 4809?
True
Does 5 divide 3761?
False
Is 9 a factor of 7938?
True
Is 58 a factor of 794?
False
Is 6580 a multiple of 35?
True
Does 4 divide 1141?
False
Is 13 a factor of 838?
False
Is 10 a factor of 4090?
True
Does 50 divide 1500?
True
Is 118 a factor of 13924?
True
Does 13 divide 455?
True
Is 928 a multiple of 58?
True
Is 20 a factor of 3363?
False
Does 12 divide 732?
True
Is 26030 a multiple of 57?
False
Is 6105 a multiple of 33?
True
Is 1821 a multiple of 38?
False
Does 52 divide 19209?
False
Does 2 divide 720?
True
Is 37 a factor of 2854?
False
Is 1049 a multiple of 4?
False
Does 4 divide 55?
False
Does 18 divide 1854?
True
Is 30 a factor of 1128?
False
Does 35 divide 1925?
True
Is 475 a multiple of 5?
True
Is 21 a factor of 362?
False
Is 918 a multiple of 19?
False
Is 64 a factor of 704?
True
Is 4791 a multiple of 20?
False
Is 654 a multiple of 34?
False
Is 14 a factor of 2296?
True
Does 126 divide 2142?
True
Does 78 divide 17238?
True
Is 2 a factor of 139?
False
Is 126071 a multiple of 24?
False
Is 249 a factor of 45110?
False
Is 1111 a multiple of 2?
False
Does 34 divide 1326?
True
Does 12 divide 47376?
True
Does 16 divide 272?
True
Is 155 a multiple of 155?
True
Is 439 a multiple of 13?
False
Does 35 divide 130?
False
Is 23 a factor of 16143?
False
Is 11040 a multiple of 32?
True
Is 849 a multiple of 19?
False
Is 40 a factor of 3235?
False
Is 1588 a multiple of 108?
False
Does 115 divide 24776?
False
Is 26 a factor of 88961?
False
Is 3081 a multiple of 79?
True
Is 4301 a multiple of 17?
True
Is 369 a multiple of 6?
False
Does 61 divide 6113?
False
Is 18 a factor of 15300?
True
Is 46 a multiple of 2?
True
Is 18 a factor of 40176?
True
Is 10572 a multiple of 5?
False
Does 24 divide 74?
False
Does 156 divide 2340?
True
Is 74 a factor of 1998?
True
Is 6528 a multiple of 68?
True
Is 52 a factor of 3069?
False
Is 540 a multiple of 5?
True
Is 27 a factor of 1131?
False
Does 12 divide 1936?
False
Is 104445 a multiple of 165?
True
Is 9802 a multiple of 140?
False
Is 1115 a multiple of 2?
False
Does 147 divide 55947?
False
Is 93 a factor of 1790?
False
Is 2415 a multiple of 23?
True
Is 21516 a multiple of 132?
True
Does 18 divide 9252?
True
Is 24 a factor of 811?
False
Is 2508 a multiple of 33?
True
Is 20 a factor of 9300?
True
Is 31 a factor of 4309?
True
Is 179 a multiple of 12?
False
Does 2 divide 129?
False
Does 54 divide 4050?
True
Is 176 a factor of 5799?
False
Is 1313 a multiple of 19?
False
Is 9201 a multiple of 100?
False
Does 63 divide 19719?
True
Does 84 divide 11844?
True
Does 28 divide 48289?
False
Is 36 a factor of 2664?
True
Does 3 divide 285?
True
Does 130 divide 16788?
False
Is 31 a multiple of 31?
True
Is 28 a factor of 20967?
False
Does 8 divide 130?
False
Is 30 a factor of 4020?
True
Does 12 divide 42471?
False
Does 75 divide 253?
False
Is 1925 a multiple of 11?
True
Is 9 a factor of 1347?
False
Is 3975 a multiple of 15?
True
Does 250 divide 82000?
True
Is 71 a factor of 7514?
False
Is 6 a factor of 1200?
True
Does 32 divide 590?
False
Is 4855 a multiple of 12?
False
Is 22 a factor of 100950?
False
Is 9150 a multiple of 122?
True
Does 56 divide 7280?
True
Is 35 a factor of 1270?
False
Is 82 a factor of 841?
False
Is 20 a factor of 950?
False
Is 1960 a multiple of 93?
False
Does 139 divide 10671?
False
Does 13 divide 20956?
True
Is 122 a multiple of 3?
False
Is 2197 a multiple of 15?
False
Is 2379 a multiple of 61?
True
Is 30 a factor of 540?
True
Is 3411 a multiple of 10?
False
Does 210 divide 45780?
True
Does 23 divide 3013?
True
Is 20671 a multiple of 12?
False
Is 727 a multiple of 7?
False
Is 1707 a multiple of 12?
False
Is 4318 a multiple of 15?
False
Does 7 divide 16611?
True
Does 288 divide 51840?
True
Is 31 a factor of 589?
True
Does 81 divide 3909?
False
Is 62 a factor of 6095?
False
Does 42 divide 84?
True
Is 1584 a multiple of 6?
True
Does 81 divide 183835?
False
Does 28 divide 7324?
False
Is 300 a multiple of 6?
True
Is 96 a factor of 1846?
False
Does 69 divide 1587?
True
Is 230 a multiple of 40?
False
Is 19 a factor of 24774?
False
Is 6940 a multiple of 20?
True
Is 286 a factor of 69212?
True
Is 4 a factor of 25483?
False
Is 49 a factor of 1274?
True
Does 237 divide 5287?
False
Does 5 divide 71?
False
Is 12 a factor of 230?
False
Is 11 a factor of 6353?
False
Does 100 divide 10067?
False
Is 53892 a multiple of 27?
True
Does 16 divide 2402?
False
Is 50 a factor of 2500?
True
Is 41 a factor of 31173?
False
Does 16 divide 634?
False
Is 47 a multiple of 2?
False
Is 182 a factor of 67815?
False
Does 9 divide 18381?
False
Is 5504 a multiple of 64?
True
Is 78 a factor of 605?
False
Is 4 a factor of 2436?
True
Is 468 a multiple of 18?
True
Is 1029 a multiple of 3?
True
Is 1853 a multiple of 18?
False
Does 23 divide 1950?
False
Is 3720 a multiple of 12?
True
Does 89 divide 6445?
False
Does 3 divide 342?
True
Is 198 a factor of 22968?
True
Is 440 a multiple of 44?
True
Is 17 a factor of 765?
True
Is 4200 a multiple of 84?
True
Is 2128 a multiple of 112?
True
Does 245 divide 3920?
True
Is 25 a factor of 246?
False
Does 303 divide 74692?
False
Does 169 divide 19199?
False
Is 6322 a multiple of 29?
True
Is 2187 a multiple of 27?
True
Is 190 a factor of 9450?
False
Is 483 a multiple of 69?
True
Is 2634 a multiple of 4?
False
Does 22 divide 3629?
False
Is 9 a factor of 4482?
True
Does 185 divide 25450?
False
Does 9 divide 1818?
True
Does 121 divide 93049?
True
Is 248 a multiple of 31?
True
Is 473 a multiple of 19?
False
Is 4 a factor of 8822?
False
Is 399 a multiple of 10?
False
Is 419 a multiple of 9?
False
Does 8 divide 808?
True
Does 13 divide 150?
False
Is 15 a factor of 57975?
True
Is 2 a factor of 797?
False
Is 28 a factor of 56?
True
Is 2618 a multiple of 34?
True
Is 1260 a multiple of 35?
True
Is 37652 a multiple of 24?
False
Is 37743 a multiple of 69?
True
Does 51 divide 274?
False
Is 22 a factor of 11682?
True
Does 16 divide 1344?
True
Does 98 divide 9702?
True
Is 27504 a multiple of 72?
True
Is 2136 a multiple of 4?
True
Is 61 a factor of 3136?
False
Is 2230 a multiple of 10?
True
Does 10 divide 3200?
True
Is 3980 a multiple of 41?
False
Does 24 divide 61560?
True
Does 105 divide 10194?
False
Is 89199 a multiple of 9?
True
Does 19 divide 627?
True
Is 98 a factor of 60747?
False
Is 13200 a multiple of 110?
True
Does 92 divide 1840?
True
Is 1776 a multiple of 41?
False
Is 27 a factor of 142?
False
Is 1593 a multiple of 95?
False
Is 15 a factor of 9633?
False
Is 37 a factor of 626?
False
Does 111 divide 47606?
False
Is 8 a factor of 199?
False
Is 130047 a multiple of 115?
False
Is 32 a factor of 1024?
True
Is 1708 a multiple of 2?
True
Is 10 a factor of 475